f + -fbca?
-105b9
In base 11, what is -779 + -1a847?
-20515
In base 10, what is -6 + -744043?
-744049
In base 5, what is -4422311114 + 11?
-4422311103
In base 16, what is 9f1b - -1491?
b3ac
In base 9, what is -4 + 30812016?
30812012
In base 7, what is -2 + -61206516?
-61206521
In base 7, what is 125 - 625010?
-624552
In base 4, what is 31121 - -2311112?
3002233
In base 16, what is 2 + -5cb8a87?
-5cb8a85
In base 5, what is -223223241323 - -4?
-223223241314
In base 16, what is a8d9b4 - 0?
a8d9b4
In base 16, what is -55670b6 + -5?
-55670bb
In base 4, what is 10110021332 + 1033?
10110023031
In base 15, what is 61c85e8 + -3?
61c85e5
In base 13, what is -1 + b6aacab?
b6aacaa
In base 8, what is -11617672 + 7?
-11617663
In base 2, what is -101111110001100111001110 - 100?
-101111110001100111010010
In base 14, what is 9 + 2a7d4?
2a7dd
In base 15, what is 8e5 - -3987?
437c
In base 13, what is -2725a77 + -5?
-2725a7c
In base 14, what is -4 - 38b4c5c?
-38b4c62
In base 11, what is -8 - -7681481?
7681474
In base 14, what is -55a - 1045b?
-109b7
In base 2, what is 100010010100000000011 + 0?
100010010100000000011
In base 16, what is -7736ef8 - 2?
-7736efa
In base 5, what is 0 + -1322014202?
-1322014202
In base 6, what is 2344443 - -205?
2345052
In base 6, what is -1202542342 + -5?
-1202542351
In base 6, what is -12015 + 111321?
55302
In base 5, what is -310343011 - -24?
-310342432
In base 2, what is -1001001011000 - -1000101101?
-1000000101011
In base 13, what is 1094234 - -2?
1094236
In base 2, what is 101100 - -11010100101010011001?
11010100101011000101
In base 2, what is -111 + -1011100000111110100100111?
-1011100000111110100101110
In base 8, what is -3045 + -40?
-3105
In base 5, what is -1043 + -1424233?
-1430331
In base 13, what is -3 + 4b17792?
4b1778c
In base 10, what is 13 + -49471?
-49458
In base 6, what is -23133 + -254144?
-321321
In base 4, what is 3 - 2003323112030?
-2003323112021
In base 2, what is -11001001001001101111110001 + -101?
-11001001001001101111110110
In base 12, what is -7 + -1403971?
-1403978
In base 14, what is 394 - -57c2b9?
57c66d
In base 10, what is -24224 - 13096?
-37320
In base 7, what is 25 - -5456163?
5456221
In base 2, what is 10110100100010000100110111 - 1?
10110100100010000100110110
In base 5, what is -423 - -1401021?
1400043
In base 3, what is -2202120 + 21200102011?
21120122121
In base 11, what is -1 - a3270756?
-a3270757
In base 6, what is -351 + 300105?
255314
In base 8, what is -763741116 + 1?
-763741115
In base 2, what is -1000 + -101100101001000011111101?
-101100101001000100000101
In base 15, what is 1 - 31738d?
-31738c
In base 6, what is -15224 - -13013?
-2211
In base 14, what is 18dc348 - 2?
18dc346
In base 4, what is -2 - -221111332300?
221111332232
In base 9, what is -104623 - -628?
-103884
In base 15, what is 5 - 4b88a7?
-4b88a2
In base 9, what is 125672 + -6123?
118548
In base 5, what is 42343210020 + -4?
42343210011
In base 14, what is -375 + -47172?
-47507
In base 4, what is 131 + -1213222111?
-1213221320
In base 5, what is -4113313 - 343?
-4114211
In base 11, what is 3397 + 134861?
138148
In base 5, what is -31324 + -20231402?
-20313231
In base 9, what is -13820708 - 12?
-13820721
In base 2, what is -101011011101001100001110110 + -1?
-101011011101001100001110111
In base 5, what is -221 - -1423014?
1422243
In base 6, what is 330 + -45422?
-45052
In base 14, what is -ca3 - -264d?
178a
In base 14, what is 5748 + 6339?
ba83
In base 7, what is -54135 - 1055?
-55223
In base 3, what is 10210102111 - 2122?
10210022212
In base 7, what is 25306 - 55540?
-30231
In base 8, what is -4 + 737547336?
737547332
In base 14, what is -746 + -102d?
-1775
In base 9, what is 714 + 7050?
7764
In base 7, what is 3132 + -45260?
-42125
In base 7, what is -143 - -16226325?
16226152
In base 10, what is -333 - 555770?
-556103
In base 12, what is 57 + 6b0837?
6b0892
In base 3, what is 10 + -12211212210000?
-12211212202220
In base 15, what is 1875c61d + 2?
1875c620
In base 3, what is 11202220 - -2210020?
21120010
In base 12, what is 40a + -22464?
-22056
In base 3, what is 100202 + 12200001110?
12200102012
In base 7, what is -5150203 + -20?
-5150223
In base 16, what is 4689 + b?
4694
In base 3, what is 12120120211 - -1121222?
12122012210
In base 14, what is 42992 + 48?
429da
In base 9, what is 35715 - 75771?
-40055
In base 10, what is 3419868 + -10?
3419858
In base 6, what is 32321 + 31235?
104000
In base 16, what is 13c + -a017?
-9edb
In base 5, what is 1430 + 43201133?
43203113
In base 3, what is 1001001122 + -122110?
1000102012
In base 7, what is 55146552 + 23?
55146605
In base 2, what is 110110101001001001100 + 10010?
110110101001001011110
In base 6, what is -350022 + -20153?
-410215
In base 14, what is -49ad - 15cb?
-619a
In base 16, what is -36e2d - -ba?
-36d73
In base 13, what is 0 - 378b75?
-378b75
In base 8, what is 30671 + -7?
30662
In base 9, what is -87 + 843533?
843435
In base 4, what is -12130232303 - 0?
-12130232303
In base 15, what is c - -b326a?
b3277
In base 7, what is 16 + 1255151?
1255200
In base 10, what is -684818 - -4?
-684814
In base 8, what is 252432 - -303?
252735
In base 2, what is 10100110110100001110001110000 + 1?
10100110110100001110001110001
In base 10, what is 33 - -353539?
353572
In base 14, what is -208130 + -33?
-208163
In base 16, what is 46 - 619d2c?
-619ce6
In base 8, what is 272 - 145403?
-145111
In base 5, what is -14404 + 3021411?
3002002
In base 2, what is -100 - 1111111100110101100011?
-1111111100110101100111
In base 3, what is 20 + 20211121022101010?
20211121022101100
In base 14, what is -19794a + -7?
-197953
In base 16, what is 2b65 + 40a?
2f6f
In base 11, what is -a558842 + 1?
-a558841
In base 13, what is -6 + -86686c?
-866875
In base 3, what is 2202122202 + 111020?
2210010222
In base 16, what is f0579f + 4?
f057a3
In base 7, what is -201 + 1210256?
1210055
In base 2, what is 11 - -100111001111100111000001000?
100111001111100111000001011
In base 16, what is 16f25c - -1d2?
16f42e
In base 12, what is 5 + -a592a72?
-a592a69
In base 4, what is 11133 + 131312122?
131323321
In base 4, what is -3 + -12100023123?
-12100023132
In base 9, what is -106074 - -312?
-105662
In base 16, what is -18e1 - eca0?
-10581
In base 6, what is 4452 - -40413?
45305
In base 3, what is -1111201011001122 - 0?
-1111201011001122
In base 7, what is -2541443 - 166?
-2541642
In base 14, what is -d5126 + 8?
-d511c
In base 14, what is -3 + 4c34bca?
4c34bc7
In base 5, what is -322440 - -40012?
-232423
In base 4, what is 122231232 + 131012?
123022310
In base 13, what is 195 + 242?
407
In base 16, what is -d8 + 1efaf?
1eed7
In base 10, what is -1565 + -5217?
-6782
In base 2, what is 101110111100001100010 + 110000?
101110111100010010010
In base 6, what is -51024313 - -11?
-51024302
In base 3, what is 1 + 101212222122100?
101212222122101
In base 8, what is 7136740132 + 4?
7136740136
In base 3, what is 21 - -100020000001120?
100020000001211
In base 4, what is -1 + -3303322210121?
-3303322210122
In base 9, what is 4401500 + 2?
4401502
In base 15, what is -3b3ba2 - 3?
-3b3ba5
In base 13, what is 8c6 + -564?
362
In base 4, what is -111010222 + 3?
-111010213
In base 9, what is -178583146 - -2?
-178583144
In base 4, what is 311 + -10110310?
-10103333
In base 9, what is 3 - 1711330?
-1711326
In base 8, what is -60 + 52002?
51722
In base 2, what is 1001011010011010 + 11111000?
1001011110010010
In base 11, what is a529817 + 4?
a529820
In base 7, what is 1216442156 - -3?
1216442162
In base 7, what is 5 - 50044442?
-50044434
In base 4, what is -2020 - -2122021130?
2122013110
In base 12, what is -2a4b8 + -126?
-2a622
In base 2, what is -1010001001 + 1010111?
-1000110010
In base 8, what is -34 - 336510?
-336544
In base 4, what is -2031333 - 21332?
-2113331
In base 10, what is -1 - -1109969?
1109968
In base 13, what is 121964 - -543?
1221a7
In base 12, what is 3 - -8b27701?
8b27704
In base 16, what is f - -160700f?
160701e
In base 13, what is 992b05 - 3a?
992a98
In base 2, what is 110100001011111 - 10001101100110?
100010011111001
In base 10, what is 4939 + -609?
4330
In base 7, what is 16 + -61232445?
-61232426
In base 12, what is 10 + -5a1339b?
-5a1338b
In base 8, what is -1027236127 - 11?
-1027236140
In base 15, what is 3250 + 1ac7?
4d27
In b